 = -45, -3*v - 2*v - 27 = -2*w. What is the greatest common factor of w and a?
6
Suppose -10*p = -334 + 104. Calculate the greatest common factor of p and 115.
23
Let x be ((-122)/(-4))/((-1)/(-2)). Let q be (x*-1)/((-3)/9). Suppose -5*w = -q - 12. Calculate the highest common divisor of w and 26.
13
Suppose -3*j + 72 = -3*o, -5*j + 146 = 5*o - 14. Let p be 48*(-21)/9*-2. Calculate the highest common divisor of p and j.
28
Let p = 126 - 73. Suppose -4*c + p = 17. Let d be 99 - (0/1)/(-1). What is the greatest common factor of c and d?
9
Let q(k) = k**3 - 3*k + 3. Let l be q(3). Suppose l = -4*i + 7*i. Let j = i - -2. What is the greatest common divisor of j and 9?
9
Let j be (-689)/(-39) - (-2)/6. Calculate the highest common factor of 6 and j.
6
Let l(x) = -2 - 1 + 10*x - x + 1. Let i be l(3). Calculate the highest common factor of 100 and i.
25
Let c be 2 - -4*3/(-6). Let f(n) = -2*n + n - n**3 + 3 + c*n - n**2. Let p be f(0). Calculate the highest common divisor of 1 and p.
1
Let c(v) = -v**3 - v**2 + 3*v - 4. Suppose -5*x - 4 - 11 = 0. Let r be c(x). Suppose -n - 280 = -r*n. What is the highest common divisor of 10 and n?
10
Suppose 3*x - 11 = -2*x + 4*h, -5*h = -x - 2. Suppose -59 = -5*j - 2*q + 58, 67 = x*j - 2*q. What is the greatest common factor of j and 253?
23
Let h = -25 - -43. Suppose 3*g - 21 = -2*c, -2*g - h = -3*g + 3*c. Let b(q) = q - 2. Let o be b(g). What is the highest common divisor of 77 and o?
7
Let f = 26 - -1. Calculate the highest common divisor of f and 216.
27
Let o = 5 + 13. Suppose 2*r = -r + o. Let w = 216 - 204. What is the highest common divisor of r and w?
6
Suppose 3*r = -p + 2 + 32, 3*r + 116 = 5*p. Let n be (-2185)/p - (-2)/5. Let c = n - -127. Calculate the greatest common factor of 8 and c.
8
Suppose 3*o - 3*l = 15, -2*o + 28 = -0*o + 4*l. Let q be 2 + (5 - 1) + 50. What is the highest common factor of q and o?
8
Let j = -2 - -4. Suppose 0 = -q - 5*t + 45, 45 = -j*q + 4*q + t. What is the greatest common divisor of 4 and q?
4
Suppose -140 = -5*a - 2*q - 3*q, 0 = -4*a - 5*q + 108. Let b be (1 + -2)/((-4)/(-72)). Let m = a + b. What is the greatest common factor of 42 and m?
14
Suppose 5*r + 0*u + 4*u = 558, 0 = -3*r - 2*u + 334. Suppose -3*k + r = 2*k. Let j be (26/(-4))/((-11)/k). What is the greatest common divisor of j and 26?
13
Let k = -16 + 26. Suppose 3*l - 26 = 3*s + 16, -51 = -4*l - s. Suppose l + 2 = 3*q. What is the greatest common factor of k and q?
5
Let r = 5 + -9. Let t(g) = -3*g**3 - 6*g**2 - 3*g - 9. Let h be t(r). What is the highest common divisor of h and 9?
9
Suppose 2*k = 5*b - 8, 3*k - b = b - 1. Let c = 21 + -17. Calculate the highest common factor of k and c.
1
Suppose -4*l = -5*k - 37, 0 = -3*l + 2*l + 4*k + 12. What is the highest common divisor of l and 1?
1
Suppose -4*b = t - 175, -2*t + 3*b + b = -374. Suppose 3*r = 4*x - x + t, -10 = -2*x. What is the highest common divisor of r and 6?
6
Let u be ((-158)/14 - (-12)/42)/(-1). What is the greatest common factor of 1 and u?
1
Let j(b) = b**2 + 3*b. Let o be j(-4). Suppose -2*m = -i - 2*i - 49, -3*i + 11 = m. Let y = m + 24. What is the greatest common factor of y and o?
4
Let q = -65 - -95. What is the highest common divisor of q and 120?
30
Suppose -18 = -4*m + 2*b, 5*b + 4 = b. Calculate the highest common divisor of m and 12.
4
Suppose 2*r - 116 = -4*a, 2*r - 3*a - 37 = 65. Calculate the highest common factor of 18 and r.
18
Suppose 57 = -w + 190. Calculate the greatest common divisor of w and 19.
19
Let l be 2 - -4*(1 + -2). Let n be (l/(-4))/((-1)/(-54)). What is the highest common divisor of 9 and n?
9
Let a(k) = -k + 60. Let y be a(0). Let l(m) = 30*m - 1. Let f be l(1). Let t = f + -17. What is the highest common divisor of t and y?
12
Let j(m) = -1 - 3 - 10*m - 1 - 4 - m**2. Let z be j(-8). Let q(o) = 2*o**2 + o + 5. Let l be q(z). Calculate the highest common factor of l and 22.
22
Let j be 47 + (1 + 3 - 7). Let q = j - 23. What is the greatest common divisor of 14 and q?
7
Let f = -13 + 21. Let d = -5 + f. Calculate the highest common divisor of 24 and d.
3
Suppose 4*i = 2*u - 16 - 48, -4*u = 5*i - 89. What is the greatest common divisor of 104 and u?
26
Let f(b) = -22*b. Suppose 0 = -d - 5 - 1. Let o be f(d). Let t = o - 90. What is the highest common factor of 14 and t?
14
Suppose -193 = -3*z - 5*o, -4*z - 5*o = -129 - 120. Suppose 0*i = -i + 2. Suppose -40 = -i*v - 3*v. Calculate the highest common divisor of v and z.
8
Let g = 18 + -15. What is the highest common divisor of g and 12?
3
Let h = -36 - -51. Let b be 2*-1*h/(-10). Suppose 0 = -y + 6*y - 10. What is the greatest common factor of y and b?
1
Let b(i) = 2*i - i + i. Let c be b(4). Suppose w - 3*w = -4. What is the greatest common factor of w and c?
2
Let j be 9/(-6)*(-28)/6. Let c(w) = -w**3 + 10*w**2 - 8*w + 8. Let h be c(j). Calculate the greatest common factor of h and 9.
9
Let u = 0 + -12. Let s be (u/(-5))/(9/120). Calculate the greatest common divisor of s and 8.
8
Let l(y) = y**2 - 14*y - 20. Let h be l(16). Calculate the highest common factor of h and 60.
12
Suppose 7*h = 8*h - 68. Calculate the greatest common factor of h and 102.
34
Let g(n) = n**2 - n. Let y be g(2). Let d(i) = 2*i**2 - i + 9 + i**3 - i**2 + 6*i**y. Let r be d(-7). What is the highest common factor of 128 and r?
16
Suppose -3*i = -6*i + 9. Let r = i + -4. Let p be r/(-2) + 79/2. Calculate the highest common factor of 8 and p.
8
Let s = -65 - -92. Suppose 5*n + 3*c - 55 = 0, -4*n + s = -5*c - 17. Let t = 3 + 74. Calculate the greatest common divisor of n and t.
11
Let l(y) = 4*y**2 + 2*y - 1. Let u be l(1). Let j = -47 - -104. Suppose -j = -q - 12. Calculate the greatest common factor of u and q.
5
Let k = -24 - -33. What is the greatest common factor of k and 45?
9
Suppose 4*l - 307 - 341 = 0. Calculate the greatest common divisor of l and 18.
18
Let i be 134/1 + 2/(-2) - 0. Suppose -2*k = g - 33, 4*k - 3*g - 39 - 52 = 0. What is the highest common divisor of i and k?
19
Let f be ((-80)/4)/(1*-1). Suppose -2*r + 5 = -4*q - q, -f = -4*r. What is the greatest common divisor of q and 1?
1
Suppose 2*g - 144 - 36 = 0. Calculate the highest common factor of 10 and g.
10
Let a = -44 + 21. Let u = a - -49. Calculate the highest common factor of u and 26.
26
Suppose -65 = -9*t - 11. Calculate the greatest common divisor of t and 9.
3
Suppose -2*y - 2*g + 34 = 0, 4*y - g - 60 = 13. Let i = y - -52. Suppose 4*k - 3*k = 28. Calculate the greatest common divisor of i and k.
14
Let c(v) = v**2 + v - 1. Let w be c(2). Calculate the greatest common divisor of w and 2.
1
Suppose -4*z + 188 = 4*q - 0*z, 4*q = -5*z + 193. Suppose 0 = c - 6*c + 105. Calculate the highest common factor of q and c.
21
Let x(n) = -n**2 - 4*n**2 + 4*n**2 + 4. Let m be x(0). Let d be m/(12/195) - -1. What is the greatest common factor of 11 and d?
11
Suppose 0*l + 95 = 4*f - l, 74 = 3*f + 2*l. Calculate the greatest common divisor of 168 and f.
24
Let j(m) = m**2 - m - 6. Let s be j(0). Let a(t) = -t**3 - 6*t**2 - 2*t + 6. Let o be a(s). What is the greatest common factor of 9 and o?
9
Let x = -2 + 5. Let g be -1 - (x + -2)*-10. What is the greatest common divisor of g and 9?
9
Suppose 4*o + 20 - 55 = -5*x, 5*o - 34 = -3*x. Suppose x*l = l + 18. Calculate the highest common factor of 18 and l.
9
Let k = -5 - 12. Suppose -5*s - 14 = 4*o, -3*o + 16 = o. Let q = s - k. Calculate the highest common divisor of 121 and q.
11
Let m be (-3)/(9/2)*-30. Suppose m = p - 5*p. Let k(d) = -d**3 - 3*d**2 + 7*d + 2. Let b be k(p). What is the highest common factor of b and 68?
17
Let s = 7 + -3. Let a(m) = 2*m**2 + 4*m - 4. Let d be a(4). What is the highest common divisor of s and d?
4
Suppose 2*o = -23*o + 700. Let c(r) = 3*r**2 - 2*r + 2. Let y be c(4). Calculate the greatest common factor of o and y.
14
Suppose j = 2*j. Let a = j - -15. What is the greatest common factor of 5 and a?
5
Let b = 26 + 16. Calculate the highest common divisor of 56 and b.
14
Let l = -1 + -1. Let h = l - -10. Let p = -41 - -61. What is the highest common divisor of h and p?
4
Let v = 79 + -76. Calculate the highest common factor of 2 and v.
1
Let j be (-218)/(-8) + (-3)/12. Calculate the highest common divisor of j and 18.
9
Let q = 0 - -4. Let k b